ctors of 401581114.
2, 11, 18253687
What are the prime factors of 4816426?
2, 2408213
List the prime factors of 2284992233.
53, 43113061
List the prime factors of 1359471279.
3, 37, 1171, 10459
What are the prime factors of 370168819?
16981, 21799
What are the prime factors of 603125620?
2, 5, 47, 641623
What are the prime factors of 473825218?
2, 236912609
List the prime factors of 12313333.
12313333
What are the prime factors of 22062538?
2, 461, 23929
List the prime factors of 2045848920.
2, 3, 5, 17048741
List the prime factors of 52119435.
3, 5, 83, 41863
What are the prime factors of 1461182548?
2, 7, 23, 324131
What are the prime factors of 3755476187?
3755476187
What are the prime factors of 8489742972?
2, 3, 157, 4506233
List the prime factors of 457223309.
29, 31, 73, 6967
List the prime factors of 198368348.
2, 761, 65167
What are the prime factors of 49740140?
2, 5, 307, 8101
List the prime factors of 421957594.
2, 113, 1867069
What are the prime factors of 216978143?
216978143
What are the prime factors of 175129153?
23, 43, 7699
List the prime factors of 204200132.
2, 97, 526289
List the prime factors of 321180858.
2, 3, 29, 615289
List the prime factors of 20677332.
2, 3, 13, 132547
List the prime factors of 317920924.
2, 53, 1499627
What are the prime factors of 631876020?
2, 3, 5, 163, 64609
What are the prime factors of 56949545?
5, 727, 15667
List the prime factors of 460343519.
460343519
List the prime factors of 1574479350.
2, 3, 5, 137, 8513
What are the prime factors of 55583013?
3, 17, 1089863
What are the prime factors of 536003888?
2, 7, 31, 317, 487
What are the prime factors of 557253296?
2, 739, 47129
List the prime factors of 922609754.
2, 11, 17, 224261
List the prime factors of 700314982.
2, 337, 1039043
List the prime factors of 1773498405.
3, 5, 7, 59, 40897
What are the prime factors of 3793344261?
3, 7, 25805063
List the prime factors of 153225881.
71, 127, 16993
List the prime factors of 853579442.
2, 426789721
What are the prime factors of 852045465?
3, 5, 23, 293, 8429
What are the prime factors of 15947414?
2, 7, 79, 14419
What are the prime factors of 739104833?
739104833
What are the prime factors of 50654996?
2, 7, 29, 62383
List the prime factors of 45719870.
2, 5, 7, 163, 4007
List the prime factors of 285663970.
2, 5, 28566397
What are the prime factors of 236643604?
2, 17, 269, 761
What are the prime factors of 5374331064?
2, 3, 23, 149, 947
What are the prime factors of 951435281?
2081, 457201
List the prime factors of 5546701132.
2, 7, 198096469
List the prime factors of 1331559186.
2, 3, 29, 127, 60257
What are the prime factors of 1150021571?
20599, 55829
List the prime factors of 78467256.
2, 3, 7, 155689
List the prime factors of 470044578.
2, 3, 151, 518813
List the prime factors of 69004331.
11, 6273121
What are the prime factors of 683400553?
11, 62127323
What are the prime factors of 44603872?
2, 1393871
What are the prime factors of 27189851?
13, 17, 123031
List the prime factors of 121259761.
7, 353527
List the prime factors of 710488770.
2, 3, 5, 67, 139, 2543
List the prime factors of 901430374.
2, 13, 29, 761, 1571
List the prime factors of 259734334.
2, 2459, 52813
List the prime factors of 21404216.
2, 2675527
List the prime factors of 84192539.
29, 2903191
List the prime factors of 207510976.
2, 17, 89, 2143
What are the prime factors of 899337867?
3, 53, 106721
What are the prime factors of 216630457?
19, 11401603
List the prime factors of 122996734.
2, 7, 17, 516793
List the prime factors of 56534016.
2, 3, 7, 11, 239
What are the prime factors of 6408682710?
2, 3, 5, 19, 11243303
List the prime factors of 44155177.
11, 859, 4673
List the prime factors of 157305979.
131, 1200809
List the prime factors of 121333189.
121333189
What are the prime factors of 79790941?
79790941
What are the prime factors of 85436912?
2, 11, 485437
What are the prime factors of 4870805?
5, 974161
List the prime factors of 417900036.
2, 3, 71, 490493
What are the prime factors of 675366460?
2, 5, 4889, 6907
List the prime factors of 36306981.
3, 211, 6373
What are the prime factors of 105996447?
3, 107, 110069
List the prime factors of 405184862.
2, 2803, 72277
What are the prime factors of 234727067?
43, 199, 27431
List the prime factors of 17922764.
2, 4480691
What are the prime factors of 75473744?
2, 17, 59, 4703
What are the prime factors of 6669428095?
5, 11, 121262329
What are the prime factors of 4373571868?
2, 2243, 487469
What are the prime factors of 403929038?
2, 201964519
What are the prime factors of 6906945300?
2, 3, 5, 17, 1354303
What are the prime factors of 80486566?
2, 40243283
List the prime factors of 33090049.
33090049
What are the prime factors of 1295465439?
3, 431821813
List the prime factors of 1853238482.
2, 47, 659, 29917
List the prime factors of 133522270.
2, 5, 7, 31, 37, 1663
What are the prime factors of 96315933?
3, 7, 929, 4937
What are the prime factors of 2024511288?
2, 3, 1201, 70237
What are the prime factors of 179472445?
5, 29, 797, 1553
List the prime factors of 651352064.
2, 11, 29, 997
List the prime factors of 2461117299.
3, 10831, 75743
What are the prime factors of 1709496414?
2, 3, 107, 98621
List the prime factors of 2211915752.
2, 276489469
List the prime factors of 935816033.
935816033
List the prime factors of 4232627.
7, 604661
What are the prime factors of 6302799187?
19, 29, 11438837
List the prime factors of 696882707.
7703, 90469
What are the prime factors of 55601003?
55601003
List the prime factors of 12808022.
2, 31, 337, 613
List the prime factors of 30098284.
2, 1427, 5273
List the prime factors of 251689605.
3, 5, 16779307
List the prime factors of 253898297.
251, 317, 3191
What are the prime factors of 27019589?
1627, 16607
What are the prime factors of 333531224?
2, 13, 3207031
List the prime factors of 154247424.
2, 3, 200843
List the prime factors of 169395429.
3, 7, 17, 474497
List the prime factors of 157176822.
2, 3, 11, 149, 1453
List the prime factors of 141338764.
2, 7, 43, 89, 1319
What are the prime factors of 4101247759?
7, 585892537
List the prime factors of 33418810.
2, 5, 3341881
What are the prime factors of 68002390?
2, 5, 29, 227, 1033
List the prime factors of 36948245.
5, 7389649
What are the prime factors of 70663726?
2, 7, 2207, 2287
List the prime factors of 862481754.
2, 3, 67, 715159
What are the prime factors of 59648962?
2, 29824481
List the prime factors of 4312989381.
3, 1437663127
List the prime factors of 15783731.
15783731
What are the prime factors of 3620123716?
2, 11, 82275539
List the prime factors of 15985656.
2, 3, 222023
List the prime factors of 2445848521.
157, 467, 33359
List the prime factors of 62554120.
2, 5, 937, 1669
What are the prime factors of 49843504?
2, 769, 4051
What are the prime factors of 916141659?
3, 305380553
What are the prime factors of 1920608086?
2, 499, 1924457
What are the prime factors of 501033384?
2, 3, 17, 136447
List the prime factors of 317073382.
2, 313, 506507
What are the prime factors of 549939003?
3, 73, 2511137
What are the prime factors of 2550443779?
13, 196187983
What are the prime factors of 2104188528?
2, 3, 13, 257, 13121
What are the prime factors of 560595834?
2, 3, 67, 103, 4513
List the prime factors of 109710151.
109710151
What are the prime factors of 74150527?
11, 967, 6971
List the prime factors of 2147291627.
13, 165176279
What are the prime factors of 4315661737?
4315661737
List the prime factors of 707611774.
2, 17, 29, 717659
List the prime factors of 399493047.
3, 17, 7833197
List the prime factors of 78367090.
2, 5, 7836709
List the prime factors of 15467972.
2, 13, 109, 2729
List the prime factors of 195286527.
3, 21698503
List the prime factors of 1798518883.
7, 3613, 10159
What are the prime factors of 249156512?
2, 11, 707831
What are the prime factors of 241525211?
10429, 23159
List the prime factors of 19725767.
127, 1223
List the prime factors of 132298691.
7, 19, 23, 61, 709
What are the prime factors of 2222743784?
2, 277842973
What are the prime factors of 287070592?
2, 2242739
What are the prime factors of 432824121?
3, 16030523
What are the prime factors of 836410890?
2, 3, 5, 7, 568987
What are the prime factors of 15394470